t j(w) = -w**3 + w**2 + 3*w + 3. Let l(b) = b**2 + 9*b + 6. Let t be l(-8). What are the prime factors of j(t)?
3
Let v be 447/4 + (-4)/(-16). Suppose -5*a + w - 5*w + v = 0, 3*a - 2*w = 76. What are the prime factors of a?
2, 3
Suppose 3*s - 46 - 158 = 0. Suppose -s = -r - r. List the prime factors of r.
2, 17
List the prime factors of ((0 - -1) + -3)/((-6)/9).
3
Suppose -r - 4*r + 395 = 0. List the prime factors of r.
79
Suppose -4*w - 388 = 4*x, 0*x = -3*x - 2*w - 289. Let n(q) = q**2 - 4*q + 3. Let t be n(5). What are the prime factors of x/(-20) - (-2)/t?
5
Let c(k) = k**2 - 3*k - 8. Let v be c(6). Suppose -v = -2*a + 8. What are the prime factors of a?
3
Let f(g) = 8*g - 3. Suppose -4*k = -k - 18. Suppose 0 = -w + k - 3. What are the prime factors of f(w)?
3, 7
Let c be ((-6)/10)/(1/(-5)). Let j be (-2)/(3/162*c). Let o = j - -50. What are the prime factors of o?
2, 7
Let k(c) = -c + 7. Let l(v) = -v - 2. Let f be l(0). Let w be ((-15)/(-6))/(f/4). List the prime factors of k(w).
2, 3
Let y = 16 + 29. Let o = y + -30. List the prime factors of o.
3, 5
Suppose 6 = -5*g + 1, -3*g = 2*t - 549. What are the prime factors of t?
2, 3, 23
List the prime factors of -4 + -16*(4 + -5).
2, 3
Let w be (17/4)/(-1)*-4. Let q = w - 8. What are the prime factors of q?
3
Let i(k) = 6*k + 23. What are the prime factors of i(7)?
5, 13
Let v = -30 - -43. List the prime factors of v.
13
Let v = -32 + 98. List the prime factors of v.
2, 3, 11
What are the prime factors of 1*(-77)/((-1)/1)?
7, 11
Let p(u) = -6*u. Let z be p(-4). What are the prime factors of z/(7 - 4) - -3?
11
Let s = 1 + 9. What are the prime factors of s?
2, 5
Let t = -286 - -490. List the prime factors of t.
2, 3, 17
Let f = 5 - 30. Let p = 57 + f. Suppose 2*s - 4*n - p = 0, 3*s - 6*n = -5*n + 38. List the prime factors of s.
2, 3
Let v(m) = 0*m - 10 + 8 - 2*m. Let c(w) = -3*w - 1. Let g(b) = -5*c(b) + 4*v(b). What are the prime factors of g(2)?
11
Suppose -5*g - 2 = -12. Suppose 0*i = -g*i + 18. List the prime factors of i.
3
Let g(v) = 16*v**2 - v - 1. Let l be g(-1). Suppose -2*y - 6 = -l. Let t = y - 2. What are the prime factors of t?
3
Let q = -4 - 0. List the prime factors of 5 - (2 - (-1 - q)).
2, 3
Let v = 136 - -6. List the prime factors of v.
2, 71
Let b be -1*-1*(8 + -1). Let r(t) = -b + 6 + 8 + t + t**3. What are the prime factors of r(0)?
7
Let j(q) = 16*q + 4. Let d be (-18)/5 + (-14)/35. Let t be j(d). What are the prime factors of t/(-5)*(-1 - -2)?
2, 3
Let c = -40 + 78. List the prime factors of c.
2, 19
Suppose 2*c - 20 = -2*m - 2*m, -3*c = -3*m - 39. What are the prime factors of c?
2, 3
Suppose 2*l + 3*g = 7*l + 21, -l + 2*g = 0. What are the prime factors of ((-28)/(-2))/((-12)/l)?
7
Let p(v) = -2*v + 1. Let q(c) = c**3 - 2*c**2 - 4*c + 2. Let r be q(3). Let w be p(r). Suppose 2 = 4*k - w*k. What are the prime factors of k?
2
Suppose -l + 80 = 3*l. Suppose -2*u + 4*u - l = 0. List the prime factors of u.
2, 5
Let g = -8 + -11. Let a = -12 - g. What are the prime factors of a?
7
Let a(w) = 8*w - 2. Let b be a(3). Suppose -c = -7 - b. Let l = -16 + c. List the prime factors of l.
13
Let r(f) = f**3 + 11*f**2 + 9*f + 1. List the prime factors of r(-10).
11
Let v be (-26)/(-10) + 4/10. Suppose 6*s - v*s = 12. Suppose -s*j + 16 = -12. List the prime factors of j.
7
Let v = -3 - -8. Let l be ((-48)/40)/((-2)/v). List the prime factors of l - 1 - (5 + -5).
2
Let j(m) = m**3 - 7*m**2 - 7*m - 11. Let c be j(8). Suppose 0 = 2*l - l - 2. Let f = l - c. List the prime factors of f.
5
Suppose -2*z - 4*j = -3*z - 10, -10 = 3*z - 2*j. Let n = z - -5. Suppose 3*d - 42 = 3*a, 0 = 4*d - n*a - 24 - 31. List the prime factors of d.
13
Suppose -a + 4 = -0*a. Suppose 3*z + 31 = x, x + a*z - z - 13 = 0. Let i = -12 + x. What are the prime factors of i?
2, 5
Let j(y) = y**2 - y - 2. Suppose -4*o + 9*o - 30 = 0. List the prime factors of j(o).
2, 7
Let d = -23 - -44. List the prime factors of d.
3, 7
Let g be 22/12 + (-1)/(-6). Suppose g*x - 12 = 6. Let w = 3 + x. What are the prime factors of w?
2, 3
Let x(f) = f**3 + 9*f**2 + 5*f - 6. List the prime factors of x(-7).
3, 19
Suppose 5*m + 0*m = 120. What are the prime factors of m?
2, 3
Let h be (12/(-15))/(2/(-5)). Suppose -2*a = -h*w + a - 4, w - 12 = -2*a. What are the prime factors of w?
2
Let n(t) = 2*t**3 + 6*t**2 - 2*t + 7. Let p(s) = 3*s**3 + 7*s**2 - 3*s + 8. Let z(j) = -4*n(j) + 3*p(j). What are the prime factors of z(4)?
2
Let s(q) = q. Let f be s(-3). List the prime factors of f/12 - 21/(-4).
5
What are the prime factors of (-3)/(-4) + 3531/44?
3
Suppose 3*d + 3*h = 2*d, 0 = 4*d - h - 65. Let x = d + -25. List the prime factors of 8/x*45/(-6).
2, 3
Let h(s) = s**3 - 8*s**2 + 7*s. Let r be h(7). Suppose 6*b - 3*b + 2*g = 29, -g + 4 = r. What are the prime factors of b?
7
Let k be 0 - -4*(-1)/(-2). Suppose 6 = -5*t + 3*g, -k*t + 4*t + 2 = g. Suppose 8 = -2*f - 0, t = 2*i + 3*f - 6. List the prime factors of i.
3
Let o(x) = -x**3 - x**2 + 4*x - 1. Let v be o(-3). Suppose -4*q = -5*q - 4*u + 22, 2*q + v*u = 38. What are the prime factors of q?
2, 7
Let c(q) = -q + 27. Let p(g) = g**3 + 2*g**2 - g - 2. Let i be p(-2). List the prime factors of c(i).
3
Suppose -4*w + 5*c = -0 - 2, 0 = -3*w + 2*c + 5. Suppose 4*y = w*y + 40. List the prime factors of y.
2, 5
Let z(p) = 5*p - 1. Let a be z(2). List the prime factors of (a/(-4))/(2/(-8)).
3
Suppose 9*u = 6*u + 111. List the prime factors of u.
37
Let d = -125 + 157. What are the prime factors of d?
2
What are the prime factors of 25/2*(10 - 8)?
5
Suppose -6 = -4*z + 10. Suppose z*o = 2*s + 2 - 4, -20 = -4*s + 4*o. What are the prime factors of s?
3
Let i(p) be the second derivative of 7*p**6/120 + p**5/30 - p**3/6 - p**2 - p. Let a(x) be the first derivative of i(x). List the prime factors of a(1).
2
Suppose 3*d = 4*d. Suppose -x + k = -16, -51 = -3*x - d*x + 2*k. What are the prime factors of x?
19
Let l = 17 - 9. Let c = l - 5. Suppose 3*d = c*t + 27, 0*d = 4*d - 2*t - 26. List the prime factors of d.
2
Let n(i) = -2*i**3 + i**2 + 2*i. Let c be n(2). Let j = 7 - 11. What are the prime factors of (c/(-6))/(j/(-6))?
2
Let k(n) = -n - 5. Let y(o) = -o + 9. Let s be y(7). Suppose s*d = d - 8. What are the prime factors of k(d)?
3
Suppose 0 = -3*p + 11 + 4. Suppose p*m + 0*m = 195. List the prime factors of m.
3, 13
Let g(p) = 8*p + 4. Let a be g(-5). List the prime factors of 1/6 - 678/a.
19
Let z be (-1)/(2*2/(-12)). Let m be -2 - (0 - (-1 + z)). Suppose 2*i - 26 = 3*r, 4*i + r + 0*r - 38 = m. List the prime factors of i.
2, 5
Suppose 0 = -2*w - 3*w + 230. List the prime factors of w.
2, 23
Let x be (-6)/(-6)*1*2. Suppose c + x - 22 = 0. What are the prime factors of c?
2, 5
Suppose 3*p + s + 39 = 0, -3*p = 2*s + 57 - 15. Let o be (p/10)/(5/(-50)). Let n = o + -8. List the prime factors of n.
2
Let k(w) = -w**2 + 2 - 2 + 5*w. Let n be k(4). List the prime factors of (-6)/(-4)*n/3.
2
Let f be (0/(-1))/(5 - 3). Suppose f = -14*x + 16*x - 16. What are the prime factors of x?
2
Let p be (2 - 3) + (-150)/(-2). Suppose -2*r = -r - p. List the prime factors of 4/(-14) + r/14.
5
Let t(d) be the first derivative of d**4/4 + 2*d**3 - d**2/2 + 6*d + 1. What are the prime factors of t(-6)?
2, 3
Suppose 4*l = 3*y + 3, 3*l = l - y - 1. Let c be (l/(3 + -1))/2. Suppose 3*i - 18 = -c*i. List the prime factors of i.
2, 3
Suppose 4*a + 588 = 4*j, 126 = 2*j + a - 165. Suppose 4*r - j = -18. Suppose 4*c = r + 8. List the prime factors of c.
2, 5
Let n(q) = -q**2 - 17*q - 24. List the prime factors of n(-14).
2, 3
Let f be ((-2)/2)/((-1)/5). Suppose 2*z - 23 - f = 0. What are the prime factors of z?
2, 7
Suppose -59 - 61 = -5*n. What are the prime factors of n?
2, 3
Let w(y) = y**3 + 13*y**2 - 4*y - 9. List the prime factors of w(-12).
3, 61
Let i be 2/7 + 108/14. Let d(x) = -x**3 + 9*x**2 - 8*x + 6. List the prime factors of d(i).
2, 3
Let q = 117 + -52. What are the prime factors of q?
5, 13
Let w(a) = a + 10. Let m be w(-7). Suppose -5*t - m*o = -61, 2*t - 2*o = -t + 48. What are the prime factors of t?
2, 7
Suppose -4*v + 2*v = -20. Let w = v - 2. What are the prime factors of w?
2
Let o(m) = -m - 4. Let r be o(-9). Suppose 52 - 7 = 5*p + 4*x, p + r = 2*x. List the prime factors of p.
5
Suppose -7*d = -